 75. Suppose 0 = 5*x + 4*m - 277, -x - 4*x + m = -r. Is x a prime number?
False
Let w be (88/10)/(2/35). Suppose -s = -16 - w. Suppose 2*h - 4*h = -s. Is h a composite number?
True
Suppose -3*m = -0*m + 15, 55 = 4*g - 3*m. Let l be 68/g*(-1 - -6). Let t = -23 + l. Is t a composite number?
False
Suppose 0 = m + 3*d - 152, 0*m - 2*d + 638 = 4*m. Is m a prime number?
False
Suppose -3*r - r = -224. Is ((-51)/6)/((-4)/r) prime?
False
Let n be 28 - ((0 - 3) + 4). Let h = 38 - n. Is h composite?
False
Let p(m) = m**2 + 4*m + 3. Let b(u) = -2*u - 5. Let o be b(-6). Let g(n) = 3*n**2 + 12*n + 8. Let q(k) = o*p(k) - 2*g(k). Is q(4) a composite number?
False
Suppose d - 7 = -2. Suppose -111 = -d*w + 64. Is w composite?
True
Let l = -102 - -251. Is l prime?
True
Is (-111)/(-1) + (-16)/8 composite?
False
Suppose 140 = w + 2*c, -5*w - 310 = 5*c - 1030. Suppose w = 3*k + k. Suppose 19 = 2*z - 3*i, 5*i + k = 3*z + 9. Is z a prime number?
True
Let h = -115 - -194. Suppose -h = -2*z + z. Is z a prime number?
True
Let l = -154 + 86. Let c = l + 147. Is c a composite number?
False
Let o = 0 - 37. Let d = 116 + o. Is d prime?
True
Let b(l) = l**2 + 4*l. Let p be 6/9*-3*-4. Let x = 1 - p. Is b(x) composite?
True
Let x = -16 + 20. Is x a composite number?
True
Let v(j) = -21*j - 30. Is v(-9) composite?
True
Suppose 5*j + 3*c = 2*c + 275, 0 = -5*c. Suppose 2 = -3*d - 4*f + 9, 5*d - j = 2*f. Is d a composite number?
True
Let l(v) = -23*v - 3. Let k be -1*(12 + 0)/3. Is l(k) composite?
False
Suppose -13918 - 4026 = -8*m. Is m composite?
False
Let t(k) = 16*k - 14. Is t(13) a prime number?
False
Let f = 9 + 36. Suppose -f = 2*s - 269. Suppose -214 = -4*z - 4*m - 10, s = 2*z - 3*m. Is z composite?
False
Suppose 4*z = -4*h + 2764, -h + z = -1023 + 332. Is h a prime number?
True
Let c(d) = -859*d + 46. Is c(-13) a prime number?
True
Suppose 9*i = 4*i + 3*w + 23, -4*i - 3*w = -40. Let h = -5 + i. Suppose h*y + 101 = 387. Is y a prime number?
False
Let a(c) = c**3 + 5*c**2 + 2*c - 5. Let m be a(-4). Suppose m*q - 6 = 0, -4*x - q = -209 - 125. Is x prime?
True
Let t(a) = a**2 - 4*a + 587. Is t(0) prime?
True
Let h(q) = -46*q**3 - 2*q**2 + 2*q - 1. Is h(-3) prime?
True
Let r = 97 - 57. Suppose a = -9 + r. Is a composite?
False
Let g = -199 - -391. Let a = 467 + g. Suppose 4*v - 3*q - 395 = 0, 5*v - q - a + 179 = 0. Is v a composite number?
True
Is 1*((-14807)/(-187) + (-2)/11) composite?
False
Suppose -3*t + 20 = -t - 4*n, -4*n = 0. Suppose 0 = -5*o + t. Is (-296)/(-12) - o/(-6) prime?
False
Let g(c) be the first derivative of 2 - 2*c - 2*c**2 + 1/3*c**3. Is g(-3) a composite number?
False
Suppose -m - 4*m = 0. Suppose 3*d + 3*a - 2343 = -m*d, 5*d - 5*a = 3945. Suppose 189 = -4*f + d. Is f a prime number?
True
Let v(i) = -i**3 + 2*i**2 + 14*i - 1. Is v(-6) prime?
False
Suppose 5*d + o - 728 = -0*o, -5*d - 3*o = -734. Suppose u = -2*p - 0*p + 165, -2*p + d = 5*u. Is p a prime number?
False
Let x(d) = -d**2 + 6*d + 1. Let a be x(5). Is ((-44)/a)/((-2)/3) composite?
False
Let m(i) = i**2 - i - 2. Let d be m(-2). Suppose 2*c - 15 = -b - 0, -2*b = -d*c - 46. Is b composite?
False
Is 24/(-60) - 3367/(-5) a prime number?
True
Suppose -2*p - 3*o + 310 = 0, 5*o - 4*o - 630 = -4*p. Is p a composite number?
True
Suppose -o = t + 3, -o - 1 = 3*t - t. Let z(l) = -l**3 - l**2 + l + 47. Let p be z(0). Suppose -p = h - t*h. Is h a prime number?
True
Let v = -453 - -1162. Is v a prime number?
True
Let z(d) = 14*d**2 - 7*d - 3. Let s be z(-5). Suppose s - 8 = 2*r. Is r a composite number?
True
Let x(d) = 8*d**2 + d. Is x(1) composite?
True
Let d = 259 - 100. Is d a composite number?
True
Let k be 4*6*(-4)/16. Let y be (-2)/((-54)/(-58) - 1). Let s = y + k. Is s a prime number?
True
Let z(b) = -b**3 + 3*b**2 + 6*b - 6. Let k be z(4). Suppose -3*h - c = -41, -k*h + 7*h - 71 = -c. Suppose x - 37 = -3*v, -v = -2*x - h - 9. Is v composite?
True
Suppose 5*x - 2*l = -15, -2*x = -l + 3 + 3. Let h(y) = -123*y - 4. Is h(x) composite?
True
Let x(g) be the second derivative of -5*g**3/3 + g**2/2 - 3*g. Let b be x(1). Let i(h) = -h**2 - 10*h - 6. Is i(b) a composite number?
False
Suppose 13 = 4*r + 5. Suppose -5*v - 3*c = -467, 162 = 2*v - r*c - 3*c. Is v a composite number?
True
Suppose 5*r + 7 = -3*o - 4, 0 = -5*o + 2*r + 23. Let a(h) = h + 1. Let y be a(0). Is 1*y/(o/42) a composite number?
True
Let c(h) = -h**3 - 10*h**2 - 10*h + 2. Let x(o) = -o + 3. Let s be x(5). Let r(g) = 2*g**3 + g**2 - g + 1. Let b be r(s). Is c(b) a prime number?
True
Let a(z) be the second derivative of z**6/360 + z**5/40 + 7*z**4/24 + z**3/6 - 2*z. Let k(x) be the second derivative of a(x). Is k(-7) composite?
True
Let h = 18 + 235. Suppose -h = 2*t - 3*t. Is t composite?
True
Suppose -z - 75 = -202. Is z a composite number?
False
Suppose u + 1 = 6. Let g = u - 5. Suppose -5*i - 4*m = -30 - 217, g = i - m - 44. Is i a prime number?
True
Suppose -4*k = -0*k. Suppose 2*r + 1 = -u - 2, k = -r - 3*u - 14. Let j(i) = 44*i**3 - i**2 + i - 1. Is j(r) a prime number?
True
Suppose -10*b + 9*b = -2039. Is b a prime number?
True
Let h be ((-56)/(-12))/((-1)/(-33)). Is -4*1*h/(-8) prime?
False
Let v = 367 + -206. Is v a prime number?
False
Let a = -11 - -13. Suppose y = -5*d + 186, 11 = d + a*y - 28. Is d prime?
True
Suppose 4*j - 3866 = -1502. Is j a composite number?
True
Let s = 2 + 4. Let k(w) be the second derivative of w**3/3 + 7*w**2/2 + w. Is k(s) composite?
False
Is (-2)/14*-2 + 46310/154 composite?
True
Let a be (-1338)/(-30) + (-4)/(-10). Suppose -3*j = i - 11, 4*i - a = -3*j - 1. Is i a prime number?
True
Let z = -8 - 0. Is (-442)/z - (-4)/(-16) prime?
False
Let j(i) = 16*i**2 + 3. Is j(-4) a composite number?
True
Let m be 1/(26/8 + -3). Suppose 0*w = w - m. Suppose 4*t = 2*t + 5*p + 169, -3*t + 219 = w*p. Is t composite?
True
Is 15/6*((-752)/20)/(-1) prime?
False
Let n(z) = -102*z**2 - 4. Let o be n(4). Is (-2)/11 + o/(-44) a prime number?
True
Suppose k - 4*k = -765. Suppose 5*v - k = -20. Is v composite?
False
Let z be 7/21 + (-87)/(-9). Let n(a) be the third derivative of -a**6/120 + 3*a**5/20 + 7*a**4/12 - 5*a**3/6 + a**2. Is n(z) a composite number?
True
Let l be 2/(-7) - (-9108)/28. Suppose -3*q - 2*q - o + 392 = 0, 4*q = 3*o + l. Let y = q - 30. Is y composite?
True
Suppose -s + 7 = -32. Is s a prime number?
False
Suppose 0*n + k - 2 = 5*n, -n - 4 = -2*k. Let c be 59 - (2 - 4 - 0). Suppose n = -4*h + 3*i + c, h - 5*h + 101 = 5*i. Is h a composite number?
False
Let b(u) = -3*u**3 - 2*u**2 - u. Let v be b(-1). Let h be (-7)/(-1) - (1 - 1). Suppose -h + 81 = v*i. Is i prime?
True
Suppose -3*w = 12, 4*w + 29 + 17 = -5*d. Let c be 6/(d/(-2)) + -2. Suppose -4*z = 4, -3*o - z + 0*z + 338 = c. Is o composite?
False
Let a = -239 - -527. Let b = a - 113. Suppose 6*k = k + b. Is k a prime number?
False
Let v(h) = -h**3 - 5*h**2 + 2*h - 1. Let a be (24/28)/(2/(-14)). Let g be v(a). Suppose -3*r + g = -5*o, 0*r + 2*o + 29 = 3*r. Is r composite?
False
Suppose -4*p + 74 + 18 = 0. Is p a composite number?
False
Let a(r) = r**2 - 9*r + 5. Let x be a(9). Suppose 0 = x*c, -c + 4*c = -3*h + 336. Suppose 3*w + g = h, 2*g - 22 - 7 = -w. Is w a prime number?
False
Let x(i) = i**3 - i + 4. Let d be x(0). Suppose -d*g + 3*g = -18. Let v = 223 - g. Is v a prime number?
False
Suppose -300 = -4*z - 2*d, 0*z = z + 3*d - 80. Suppose 244 - z = a. Is 1/(-4) - a/(-8) a prime number?
False
Let o = 82 + 143. Let c = -26 + o. Is c a prime number?
True
Let q(s) = s - 17. Let v be q(10). Let f(h) = h**2 - 5*h - 1. Is f(v) composite?
False
Suppose 5*j + 2*w = 1, -4*j + 6*j = 2*w + 6. Let a(p) = 4*p + 0*p + j - 8. Is a(5) prime?
True
Is 6*148/8 - -2 a composite number?
False
Let b(r) = 30*r - 1. Let h be (-1)/((-2)/2) + 3. Is b(h) a composite number?
True
Let u = -871 + 1526. Is u a composite number?
True
Let w(m) = 40*m - 1. Let k be 1 + 1 + -3 + 4. Let c be 2/k*9/3. Is w(c) a prime number?
True
Let n(k) = k**3 + 6*k**2 - 2. Let d be n(-6). Is (0 + d)*(-2)/1 prime?
False
Let i(l) = -l + 3. Let u be i(0). Suppose -3 + 4 = n - u*v, -5*n + 37 = v. Is n a composite number?
False
Is (-1 - (1 - -1)) + 374 + -13 prime?
False
Suppose -2*m = m + 6. Let d(b) = -7*b + 5. Let s(p) = -13*p + 9. Let h(i) = -7*d(i) + 4*s(i). Is h(m) prime?
True
Let q(s) = -s**3 - 6*